139
Suppose -6*r = -4*r - 30. Suppose 3*x - 111 = -3*a + r, -3*a + 164 = 4*x. What are the prime factors of x?
2, 19
Let q(x) = 8*x**2 - 2*x + 1. Let l be -1 + (3 - 1) - -3. Let j be q(l). Suppose -29 = -6*p + j. What are the prime factors of p?
5
Suppose 0 = 5*q + 15, q = 2*y + 6*q + 3. Let b be y/4 - 3/(-6). Suppose -6*a = -b*a - 16. What are the prime factors of a?
2
List the prime factors of 112442/24 + 1/(-12).
5, 937
Suppose -4*g + 2*p = -6918, g + 5*p + 5171 = 4*g. List the prime factors of g.
2, 433
Let t(o) = 7*o**3 + 2*o**2 + 3*o + 2. Let z be t(-2). What are the prime factors of 2/4 - 1378/z?
3
Suppose -k = 2*q - 21, -2*q + 4*k + k = -3. Let u = -10 - -13. What are the prime factors of (u/q)/((-2)/(-90))?
3, 5
Let w = -25 + 28. Let t = 14 - w. What are the prime factors of t?
11
Suppose -26*n + 9333 + 18747 = 0. What are the prime factors of n?
2, 3, 5
What are the prime factors of 1*(-12 - -4 - -1063)?
5, 211
Let y = -490 - -790. Suppose 0*i = -5*i + y. What are the prime factors of i?
2, 3, 5
What are the prime factors of (12/40)/(-3) + 6666/60?
3, 37
Let a(o) = 51*o + 45. What are the prime factors of a(25)?
2, 3, 5, 11
Let v = -175 - -371. Let a = 356 - v. What are the prime factors of a?
2, 5
Suppose -2*d + 124 + 432 = 0. What are the prime factors of d?
2, 139
Suppose -32*p - 5*p + 111 = 0. Suppose -2*k = 3*k - 2*s - 337, -k + 66 = s. Suppose -p = 4*y - k. What are the prime factors of y?
2
Suppose 3*a + 3*c - 9 = a, 0 = -2*c - 10. Let i(s) = 2*s**3 - 2 + 3*s**2 + 9*s - s**3 - a*s**2 + 5. What are the prime factors of i(8)?
11
Suppose -4 = -4*z + 16. Suppose 3*m + 2*m = 2*i - 36, -52 = -z*i + 3*m. Suppose -2*n + i + 8 = 0. List the prime factors of n.
2
Suppose 37*h = 43*h - 5142. List the prime factors of h.
857
Suppose 0*g + 5*g = 105. Let h = 56 - g. List the prime factors of h.
5, 7
Let r be -2*(-2)/(-4)*-2. Let u be -4*(r + (-20)/8). Suppose u*s + 8 = 12. What are the prime factors of s?
2
Let s = 19 - 16. Suppose g = 3*d - 106 + 41, s*d = -g + 55. What are the prime factors of d?
2, 5
Let l be (-70)/15*3/(-2). What are the prime factors of l - (-3)/(9/(-6))?
5
Let f(l) = 7*l**2 + l - 6. Suppose 4*q + 3*g = 33, -q + 7 = g - 2. Let i be f(q). Suppose i + 24 = 4*d. List the prime factors of d.
3, 23
Let o(m) = -m + 4. Let w be o(2). Suppose -4*y + 3*y + 4 = s, 0 = y - w*s - 7. Suppose 4*r = 5*k + 142, -r + 30 = -y*k + k. What are the prime factors of r?
2, 19
Let u(v) = -682*v**3 + 3*v**2 + v - 12. What are the prime factors of u(-2)?
2, 3, 101
Suppose 2128*g = 2130*g - 4534. What are the prime factors of g?
2267
Suppose -6*o = -o. Let c be o/8 + 2*8. Let x(y) = -y**3 + 16*y**2 + 2*y - 16. List the prime factors of x(c).
2
Suppose -6*m + m - 25 = 2*w, -2*m + 3*w + 9 = 0. Let a(r) = -5*r**3 - 4*r**2 - 4*r - 7. List the prime factors of a(m).
2, 13
Let g(j) = -84*j**3 - 4*j**2 + 6*j + 10. Let b(h) = 56*h**3 + 3*h**2 - 4*h - 7. Let z(v) = 7*b(v) + 5*g(v). Let k = -37 + 36. List the prime factors of z(k).
2, 7
Suppose 2*a + a - 5*c = 90, 3*a = -c + 72. List the prime factors of 4*a + (-20)/(-5).
2, 13
Let n be 9/12*12/(-3). Let f = n + 3. Suppose -2*z + 4 = 0, -76 = -5*w - f*w + 2*z. What are the prime factors of w?
2
Suppose -13*g + 4 = -12*g. Let c(k) = -k**3 + 6*k**2 - 3. What are the prime factors of c(g)?
29
Suppose 5*v + h = 929 - 146, 0 = 4*h + 8. Suppose 0 = -3*j + v + 107. List the prime factors of j.
2, 11
Suppose 5*b = -4*u + 18, -8 = -5*b - 8*u + 9*u. Suppose -30 = -b*h + 72. List the prime factors of h.
3, 17
Let x = -6212 + 10375. What are the prime factors of x?
23, 181
Suppose -2*v = -2*u - 10, 5*u + 7 + 12 = 3*v. What are the prime factors of 819/45 + u/10?
2, 3
Let q(y) = 6*y**3 + 44*y**2 - 5*y + 40. Let l(a) = 2*a**3 + 15*a**2 - 2*a + 13. Let r(g) = 8*l(g) - 3*q(g). What are the prime factors of r(-8)?
2, 31
Let o(x) = -3*x**3 - 114*x**2 - 15*x + 125. List the prime factors of o(-38).
5, 139
Suppose -2*k = n - 2 - 9, -4*n + 4 = 0. Suppose w = k*l - 927, 543 = -l + 4*l - 5*w. List the prime factors of l.
2, 3, 31
Let h(p) = p**3 + 39*p**2 + 30*p - 51. What are the prime factors of h(-35)?
29, 131
List the prime factors of (3 - 246/6)*(-34)/4.
17, 19
What are the prime factors of ((-273)/(-7))/(12/112)?
2, 7, 13
List the prime factors of (6 + (-7)/2)*88.
2, 5, 11
Let d = 389 + -122. List the prime factors of d.
3, 89
Let z be 136 - 1*4/1. Suppose -4*v = 12 - z. What are the prime factors of v?
2, 3, 5
Suppose -m - 4*u + 10 = 2*m, 0 = -u + 1. Suppose 3 = -m*n + 15. Suppose -v + c + n = 0, 0 = -3*v - 2*c + 9 - 1. What are the prime factors of v?
2
Suppose 0 = -5*x + 2*a - 515, -6*a + a - 177 = 2*x. Let s = 36 + x. Let f = -27 - s. List the prime factors of f.
2, 19
Let k(x) = 7 - 18*x + 24*x + 39*x. Let n be k(4). Suppose 2*o = -2*l - l + n, 0 = -l - 5*o + 71. What are the prime factors of l?
61
Let q(t) = 34*t**2 + 5*t - 25. Let h be q(5). Suppose -9*o = -19*o + h. List the prime factors of o.
5, 17
Let b(d) = d**2 - 15*d - 31. Let x be b(17). Suppose x*m + i + 2*i - 525 = 0, m = -5*i + 155. What are the prime factors of m?
2, 3, 5
Let t(q) be the first derivative of -q**2/2 + q - 17. Suppose 3*g + 2*p = -24, 2*g + 4*p + 8 = g. List the prime factors of t(g).
3
Let g = -17 - -16. Let d = g + 0. Let u(z) = 18*z**2 + 2*z + 1. List the prime factors of u(d).
17
List the prime factors of (-155532)/(-162) + 10/(-135).
2, 3, 5
Suppose 0 = -4*j - 2 + 6. Let r be (-19 - 0) + 3/j. Let k = 29 + r. What are the prime factors of k?
13
Let g(v) = v + 4*v - 6*v + 4 - 1. What are the prime factors of g(0)?
3
Suppose -17*o + 19*o = 1876. List the prime factors of o.
2, 7, 67
Let x be 0 - (-3)/3*5. Let d = x - 2. Suppose -3*m - 80 = -5*q + 2*m, 0 = -5*q - d*m + 120. What are the prime factors of q?
3, 7
Let j = 7 - -1. Let a be (-1 - 3)*(-18)/j. Let f(n) = -n**3 + 9*n**2 + 4*n - 13. List the prime factors of f(a).
23
Suppose 0*y - 3*y = -24. Let j(z) = -7 - 2*z + 4 - 2 + y + 2*z**2. List the prime factors of j(4).
3
Suppose -192*q = -186*q - 498. What are the prime factors of q?
83
Suppose -s - 34 = 3*z + 120, -3*s = 3*z + 162. Let r(u) = 7*u + 7. Let c be r(-4). Let p = c - z. List the prime factors of p.
29
Suppose w + 0*x = -x + 303, 2*w + 3*x = 608. List the prime factors of w.
7, 43
Suppose 154 = 4*m + 3*w, 2*w - 152 = -4*m - 2*w. Let b be (-43)/4 + (-12)/(-16). Let z = m + b. List the prime factors of z.
2, 3, 5
Let r(f) = -2*f + 194. List the prime factors of r(8).
2, 89
Suppose 51*f - 19569 = 18*f. What are the prime factors of f?
593
Let l(j) = -2 - 6 + 2 + 4 + 12*j**2. Let p be l(-2). Suppose -2*n = -5*h + p, -2*n - 15 = 3*n. List the prime factors of h.
2
Suppose -32 - 4 = -g. Let o = g + 17. List the prime factors of o.
53
Let w = 92 + 181. List the prime factors of w.
3, 7, 13
Let v = -1518 + 1571. List the prime factors of v.
53
Let p = 23 - 12. Suppose p*u = 16*u - 320. List the prime factors of u.
2
Suppose 27*m - 23*m = 1928. What are the prime factors of m?
2, 241
Let o be ((-2)/(-3))/((-2)/(-201)). Suppose 0 = 8*x - 4*x + 5*i - 164, 3*i + 58 = x. Let l = o - x. What are the prime factors of l?
3, 7
Let n(r) = r**2 + 7*r + 21. Let l = -18 + 8. List the prime factors of n(l).
3, 17
Let q(n) = -7*n + 1. Let u be q(-1). Let a = 17 - u. List the prime factors of 8/(-6)*a/(-2).
2, 3
List the prime factors of ((-62820)/81)/((-12)/54).
2, 5, 349
Let m = 3351 - 1177. What are the prime factors of m?
2, 1087
Let g(y) = y**2 - 2*y - 5. Suppose -4*m - 4 = -24. Let h be g(m). List the prime factors of ((-3)/2)/((-1)/h).
3, 5
Suppose 3*l - 819 = -4*l. Let q = l + 102. List the prime factors of q.
3, 73
Suppose 5*r + 3*a - 5 = 8*a, -r = 5*a - 31. Let n(y) = 2*y - 4. Let t be n(r). What are the prime factors of t/28 - (-159)/7?
23
Let b(f) = -9*f**3 - 17*f**2 - f - 2. What are the prime factors of b(-3)?
7, 13
What are the prime factors of (-44045)/(-30) - (0 - (-10)/60)?
2, 367
Let z(h) be the second derivative of h**5/20 - 7*h**4/12 + 5*h**3/3 - 21*h**2/2 + 18*h. List the prime factors of z(7).
7
Suppose 0 = -5*g + y + 20, 0 = -7*g + 4*g - 2*y + 12. Suppose a = g*c - 33, c + 6 = 2*c + 2*a. Let q = c + 4. What are the prime factors of q?
2, 3
Let h be (2 + -2)*(-1 + 0). Suppose 0 = -3*c - 1 + 16. Suppose h = 2*u - 3*u +